visor of 35425 and 1861175.
2725
Calculate the greatest common divisor of 75 and 182985.
15
What is the highest common factor of 5124559 and 88?
11
What is the highest common divisor of 49497504 and 111999?
3027
What is the greatest common divisor of 34221232 and 146?
146
Calculate the highest common divisor of 234740 and 8107.
121
What is the highest common divisor of 463794 and 493?
17
What is the highest common factor of 1588271 and 96346?
719
What is the greatest common divisor of 2527415 and 3520?
55
What is the highest common divisor of 11071334 and 262?
262
What is the greatest common divisor of 5202 and 111474?
18
Calculate the highest common factor of 111 and 868567341.
111
Calculate the greatest common divisor of 5276063 and 9737.
1391
What is the highest common factor of 741494 and 2818088?
2054
What is the highest common divisor of 713 and 938618?
31
What is the greatest common factor of 1294797150 and 1395?
1395
Calculate the highest common factor of 600 and 5313375.
75
What is the highest common divisor of 167615076 and 264?
12
Calculate the highest common divisor of 104634 and 5274.
18
Calculate the greatest common divisor of 14 and 77075558.
14
What is the highest common factor of 312552 and 11556?
108
Calculate the greatest common factor of 1190551 and 21887.
509
What is the highest common divisor of 253423025 and 7325?
7325
Calculate the highest common divisor of 761315 and 30444.
43
Calculate the highest common factor of 172618848 and 54.
18
Calculate the greatest common divisor of 1532 and 916600196.
1532
What is the highest common divisor of 304152 and 55506?
174
What is the greatest common divisor of 109009 and 149684?
1627
What is the highest common factor of 125139992 and 17?
17
What is the greatest common divisor of 1233 and 913446?
9
What is the highest common divisor of 30 and 48151305?
15
Calculate the greatest common factor of 1632 and 40828458.
102
What is the greatest common factor of 4648696 and 27144?
104
Calculate the highest common divisor of 105356293 and 136.
17
Calculate the highest common factor of 101052 and 2618.
14
What is the highest common divisor of 107830 and 216890?
410
Calculate the highest common factor of 1618604 and 20.
4
What is the greatest common divisor of 93547255 and 2935?
2935
Calculate the highest common factor of 4850 and 32464550.
50
What is the highest common factor of 57604123 and 3545?
709
What is the greatest common factor of 32107978 and 70?
14
Calculate the highest common divisor of 5894875 and 27125.
875
What is the greatest common factor of 2488342 and 49612?
158
What is the greatest common divisor of 98391166 and 14368?
898
Calculate the greatest common factor of 38766 and 9404234.
994
Calculate the highest common factor of 60500 and 7.
1
Calculate the greatest common divisor of 12794508 and 14148.
4716
Calculate the greatest common divisor of 25946576 and 16928.
368
Calculate the greatest common divisor of 3705 and 123181617.
741
Calculate the highest common factor of 1151 and 713044500.
1151
Calculate the highest common factor of 480 and 79458624.
96
Calculate the greatest common divisor of 1347 and 127067.
449
Calculate the greatest common factor of 1715802 and 1518.
66
What is the greatest common divisor of 6215 and 5505925?
565
What is the greatest common factor of 3703045823 and 47?
47
What is the highest common divisor of 554 and 130289166?
554
What is the highest common divisor of 3709 and 412756065?
3709
Calculate the greatest common factor of 135 and 1503155.
5
Calculate the highest common divisor of 24720 and 2933955.
1545
Calculate the greatest common divisor of 17784189 and 3384.
423
What is the greatest common divisor of 19 and 241950389?
19
What is the greatest common factor of 140992 and 1616?
16
Calculate the greatest common divisor of 9222 and 17979072.
174
What is the highest common divisor of 72235103 and 19835?
3967
What is the highest common divisor of 58976632 and 65?
13
Calculate the highest common divisor of 1134 and 28653282.
126
Calculate the greatest common divisor of 13919343 and 114.
57
Calculate the highest common factor of 12261 and 190686.
183
What is the highest common divisor of 275094616 and 532?
76
What is the highest common factor of 39 and 2545491?
39
Calculate the highest common factor of 7021624 and 552.
184
What is the highest common factor of 30705 and 300?
15
Calculate the highest common divisor of 7792 and 1340465552.
7792
Calculate the highest common factor of 18 and 42886944.
18
Calculate the highest common divisor of 128 and 496032832.
64
Calculate the highest common divisor of 1344541 and 16379.
11
What is the highest common factor of 12103 and 139724?
13
Calculate the greatest common divisor of 6302233 and 948248.
2009
Calculate the highest common divisor of 59949 and 61294522.
6661
Calculate the greatest common factor of 350794 and 90730.
86
What is the greatest common divisor of 64816 and 83021194?
8102
Calculate the greatest common divisor of 3095 and 416475.
5
What is the greatest common factor of 220 and 34316830?
10
Calculate the highest common divisor of 11566332 and 76028.
916
What is the greatest common divisor of 65845 and 129740?
65
What is the highest common factor of 2386724432 and 13712?
13712
What is the greatest common factor of 1744332 and 1788?
12
What is the greatest common factor of 111 and 73191661?
37
Calculate the highest common factor of 1030878 and 9738.
18
What is the highest common divisor of 12922 and 4970?
994
What is the highest common factor of 42 and 28786338?
42
Calculate the greatest common divisor of 155284844 and 1716.
572
What is the greatest common divisor of 77 and 3277057?
7
What is the highest common divisor of 2240 and 9022405?
35
Calculate the greatest common factor of 386296 and 1927992.
872
Calculate the highest common divisor of 51520035 and 21.
21
What is the highest common factor of 8721 and 17379?
9
Calculate the greatest common divisor of 105 and 2807665.
35
Calculate the highest common factor of 8448 and 3710652.
132
What is the greatest common divisor of 23101 and 12038?
13
What is the highest common factor of 170 and 3809200?
10
What is the greatest common divisor of 80505 and 2025?
45
Calculate the highest common factor of 1139754924 and 5544.
2772
Calculate the greatest common factor of 120648 and 1694.
22
What is the greatest common factor of 111 and 66607696?
37
What is the greatest common factor of 143 and 77660242?
11
Calculate the highest common divisor of 564463 and 1.
1
What is the greatest common divisor of 10027 and 883486?
37
Calculate the highest common divisor of 2568738 and 44274.
282
Calculate the greatest common factor of 688 and 12686591.
43
What is the greatest common divisor of 35964 and 271458?
54
Calculate the greatest common divisor of 50 and 19123070.
10
Calculate the highest common divisor of 1755 and 571649.
13
What is the highest common factor of 415 and 554790?
5
Calculate the highest common factor of 32 and 3211565248.
32
Calculate the highest common divisor of 127926 and 84767558.
4738
What is the greatest common factor of 17962 and 101781673?
8981
Calculate the highest common factor of 438224 and 65554.
898
What is the highest common factor of 32 and 1880703904?
32
Calculate the highest common divisor of 24 and 622254552.
24
Calculate the highest common factor of 61348 and 14896.
196
What is the greatest common factor of 2724 and 66804?
12
What is the highest common factor of 651287 and 169?
13
What is the greatest common divisor of 24524336 and 17?
17
Calculate the highest common divisor of 5179429 and 29.
29
Calculate the greatest common divisor of 1847038 and 10097.
23
Calculate the highest common factor of 2222 and 1819532.
22
Calculate the greatest common factor of 73897502 and 14.
14
What is the highest common factor of 204 and 9165992?
68
What is the greatest common factor of 3978 and 44650908?
306
What is the highest common divisor of 4488178 and 9536?
298
What is the highest common divisor of 139012629 and 21?
21
Calculate the greatest common factor of 80659503 and 1197.
171
Calculate the highest common factor of 5135 and 361205.
65
What is the highest common divisor of 1388 and 1530385204?
1388
What is the highest common divisor